{"id":2417,"date":"2025-08-28T10:12:30","date_gmt":"2025-08-28T10:12:30","guid":{"rendered":"https:\/\/agbatalha.pt\/portal\/?page_id=2417"},"modified":"2025-11-11T11:39:59","modified_gmt":"2025-11-11T11:39:59","slug":"oferta-formativa","status":"publish","type":"page","link":"https:\/\/agbatalha.pt\/portal\/oferta-formativa\/","title":{"rendered":"Oferta Formativa"},"content":{"rendered":"\t\t<div data-elementor-type=\"wp-page\" data-elementor-id=\"2417\" class=\"elementor elementor-2417\">\n\t\t\t\t<div class=\"elementor-element elementor-element-e9f28b8 e-flex e-con-boxed wpr-particle-no wpr-jarallax-no wpr-parallax-no wpr-sticky-section-no e-con e-parent\" data-id=\"e9f28b8\" data-element_type=\"container\" data-e-type=\"container\">\n\t\t\t\t\t<div class=\"e-con-inner\">\n\t\t\t\t<div class=\"elementor-element elementor-element-c39c5e7 elementor-widget elementor-widget-heading\" data-id=\"c39c5e7\" data-element_type=\"widget\" data-e-type=\"widget\" data-widget_type=\"heading.default\">\n\t\t\t\t<div class=\"elementor-widget-container\">\n\t\t\t\t\t<h2 class=\"elementor-heading-title elementor-size-default\">Do ensino Pr\u00e9-escolar at\u00e9 ao final do Secund\u00e1rio, o Agrupamento de Escolas da Batalha acompanha-o em todas as etapas!<\/h2>\t\t\t\t<\/div>\n\t\t\t\t<\/div>\n\t\t\t\t<div class=\"elementor-element elementor-element-0375913 elementor-widget elementor-widget-text-editor\" data-id=\"0375913\" data-element_type=\"widget\" data-e-type=\"widget\" data-widget_type=\"text-editor.default\">\n\t\t\t\t<div class=\"elementor-widget-container\">\n\t\t\t\t\t\t\t\t\t<p>\u00a0<\/p><p>Conhece aqui um pouco mais de cada um:<\/p>\t\t\t\t\t\t\t\t<\/div>\n\t\t\t\t<\/div>\n\t\t\t\t\t<\/div>\n\t\t\t\t<\/div>\n\t\t<div class=\"elementor-element elementor-element-292e4ac e-flex e-con-boxed wpr-particle-no wpr-jarallax-no wpr-parallax-no wpr-sticky-section-no e-con e-parent\" data-id=\"292e4ac\" data-element_type=\"container\" data-e-type=\"container\">\n\t\t\t\t\t<div class=\"e-con-inner\">\n\t\t\t\t<div class=\"elementor-element elementor-element-20f957f elementor-widget elementor-widget-eael-image-accordion\" data-id=\"20f957f\" data-element_type=\"widget\" data-e-type=\"widget\" data-widget_type=\"eael-image-accordion.default\">\n\t\t\t\t<div class=\"elementor-widget-container\">\n\t\t\t\t\t    <div class=\"eael-img-accordion accordion-direction-horizontal eael-img-accordion-horizontal-align-center eael-img-accordion-vertical-align-center\" id=\"eael-img-accordion-20f957f\" data-img-accordion-id=\"20f957f\" data-img-accordion-type=\"on-hover\">\n                    \n            <div class=\"eael-image-accordion-hover eael-image-accordion-item\" style=\"background-image: url(https:\/\/agbatalha.pt\/portal\/wp-content\/uploads\/2025\/08\/pre2.jpg);\"  tabindex=\"0\">\n                <div class=\"overlay\">\n                                        <div class=\"overlay-inner \">\n                        <a href=\"https:\/\/agbatalha.pt\/portal\/pre-escolar\/\"><h2 class=\"img-accordion-title\">Pr\u00e9-escolar<\/h2><\/a>                            <p><p>Clique para ver a lista de Escolas do Pr\u00e9-Escolar<\/p><\/p>\n                                            <\/div>\n                <\/div>\n            <\/div>\n                    \n            <div class=\"eael-image-accordion-hover eael-image-accordion-item\" style=\"background-image: url(https:\/\/agbatalha.pt\/portal\/wp-content\/uploads\/2025\/08\/centro-escolar.jpg);\"  tabindex=\"0\">\n                <div class=\"overlay\">\n                                        <div class=\"overlay-inner \">\n                        <a href=\"https:\/\/agbatalha.pt\/portal\/basico\/\"><h2 class=\"img-accordion-title\">Ensino B\u00e1sico (1\u00ba, 2\u00ba e 3\u00ba ciclo)<\/h2><\/a>                            <p><p>Clique para conhecer a nossa oferta do Ensino B\u00e1sico\u00a0<\/p><\/p>\n                                            <\/div>\n                <\/div>\n            <\/div>\n                    \n            <div class=\"eael-image-accordion-hover eael-image-accordion-item\" style=\"background-image: url(https:\/\/agbatalha.pt\/portal\/wp-content\/uploads\/2025\/08\/sec2.jpg);\"  tabindex=\"0\">\n                <div class=\"overlay\">\n                                        <div class=\"overlay-inner \">\n                        <a href=\"https:\/\/agbatalha.pt\/portal\/sec-cientifico-humanisticos\/\"><h2 class=\"img-accordion-title\">Secund\u00e1rio Cient\u00edfico Human\u00edsticos<\/h2><\/a>                            <p><p>Clique para ver os nossos Cursos de Secund\u00e1rio Cient\u00edfico Human\u00edsticos<\/p><\/p>\n                                            <\/div>\n                <\/div>\n            <\/div>\n                    \n            <div class=\"eael-image-accordion-hover eael-image-accordion-item\" style=\"background-image: url(https:\/\/agbatalha.pt\/portal\/wp-content\/uploads\/2024\/02\/IMG_0134-scaled.jpg);\"  tabindex=\"0\">\n                <div class=\"overlay\">\n                                        <div class=\"overlay-inner \">\n                        <a href=\"https:\/\/agbatalha.pt\/portal\/sec-cursos-profissionais\/\"><h2 class=\"img-accordion-title\">Ensino Profissional<\/h2><\/a>                            <p><p>Conhece aqui os nossos Cursos Profissionais e o Portal EUSOUPRO<\/p><\/p>\n                                            <\/div>\n                <\/div>\n            <\/div>\n                <\/div>\n        <style typr=\"text\/css\">\n                    #eael-img-accordion-20f957f .eael-image-accordion-hover:hover {\n                        flex: 3 1 0% !important;\n                    }\n                    #eael-img-accordion-20f957f .eael-image-accordion-hover:hover:hover .overlay-inner * {\n                        opacity: 1;\n                        visibility: visible;\n                        transform: none;\n                        transition: all .3s .3s;\n                    }\n                <\/style>\t\t\t\t<\/div>\n\t\t\t\t<\/div>\n\t\t\t\t\t<\/div>\n\t\t\t\t<\/div>\n\t\t\t\t<\/div>\n\t\t","protected":false},"excerpt":{"rendered":"<p>Do ensino Pr\u00e9-escolar at\u00e9 ao final do Secund\u00e1rio, o Agrupamento de Escolas da Batalha acompanha-o em todas as etapas! \u00a0 Conhece aqui um pouco mais de cada um: Pr\u00e9-escolar Clique para ver a lista de Escolas do Pr\u00e9-Escolar Ensino B\u00e1sico (1\u00ba, 2\u00ba e 3\u00ba ciclo) Clique para conhecer a nossa oferta do Ensino B\u00e1sico\u00a0 Secund\u00e1rio Cient\u00edfico Human\u00edsticos Clique para ver os nossos Cursos de Secund\u00e1rio Cient\u00edfico Human\u00edsticos Ensino Profissional Conhece aqui os nossos Cursos Profissionais e o Portal EUSOUPRO<\/p>\n","protected":false},"author":2,"featured_media":0,"parent":0,"menu_order":0,"comment_status":"closed","ping_status":"closed","template":"","meta":{"footnotes":""},"class_list":["post-2417","page","type-page","status-publish","hentry"],"_links":{"self":[{"href":"https:\/\/agbatalha.pt\/portal\/wp-json\/wp\/v2\/pages\/2417","targetHints":{"allow":["GET"]}}],"collection":[{"href":"https:\/\/agbatalha.pt\/portal\/wp-json\/wp\/v2\/pages"}],"about":[{"href":"https:\/\/agbatalha.pt\/portal\/wp-json\/wp\/v2\/types\/page"}],"author":[{"embeddable":true,"href":"https:\/\/agbatalha.pt\/portal\/wp-json\/wp\/v2\/users\/2"}],"replies":[{"embeddable":true,"href":"https:\/\/agbatalha.pt\/portal\/wp-json\/wp\/v2\/comments?post=2417"}],"version-history":[{"count":10,"href":"https:\/\/agbatalha.pt\/portal\/wp-json\/wp\/v2\/pages\/2417\/revisions"}],"predecessor-version":[{"id":2723,"href":"https:\/\/agbatalha.pt\/portal\/wp-json\/wp\/v2\/pages\/2417\/revisions\/2723"}],"wp:attachment":[{"href":"https:\/\/agbatalha.pt\/portal\/wp-json\/wp\/v2\/media?parent=2417"}],"curies":[{"name":"wp","href":"https:\/\/api.w.org\/{rel}","templated":true}]}}

<div data-elementor-type="wp-page" data-elementor-id="2417" class="elementor elementor-2417">
				<div class="elementor-element elementor-element-e9f28b8 e-flex e-con-boxed wpr-particle-no wpr-jarallax-no wpr-parallax-no wpr-sticky-section-no e-con e-parent" data-id="e9f28b8" data-element_type="container" data-e-type="container">
					<div class="e-con-inner">
				<div class="elementor-element elementor-element-c39c5e7 elementor-widget elementor-widget-heading" data-id="c39c5e7" data-element_type="widget" data-e-type="widget" data-widget_type="heading.default">
				<div class="elementor-widget-container">
					<h2 class="elementor-heading-title elementor-size-default">Do ensino Pré-escolar até ao final do Secundário, o Agrupamento de Escolas da Batalha acompanha-o em todas as etapas!</h2>				</div>
				</div>
				<div class="elementor-element elementor-element-0375913 elementor-widget elementor-widget-text-editor" data-id="0375913" data-element_type="widget" data-e-type="widget" data-widget_type="text-editor.default">
				<div class="elementor-widget-container">
									<p> </p><p>Conhece aqui um pouco mais de cada um:</p>								</div>
				</div>
					</div>
				</div>
		<div class="elementor-element elementor-element-292e4ac e-flex e-con-boxed wpr-particle-no wpr-jarallax-no wpr-parallax-no wpr-sticky-section-no e-con e-parent" data-id="292e4ac" data-element_type="container" data-e-type="container">
					<div class="e-con-inner">
				<div class="elementor-element elementor-element-20f957f elementor-widget elementor-widget-eael-image-accordion" data-id="20f957f" data-element_type="widget" data-e-type="widget" data-widget_type="eael-image-accordion.default">
				<div class="elementor-widget-container">
					    <div class="eael-img-accordion accordion-direction-horizontal eael-img-accordion-horizontal-align-center eael-img-accordion-vertical-align-center" id="eael-img-accordion-20f957f" data-img-accordion-id="20f957f" data-img-accordion-type="on-hover">
                    
            <div class="eael-image-accordion-hover eael-image-accordion-item" style="background-image: url(https://agbatalha.pt/portal/wp-content/uploads/2025/08/pre2.jpg);"  tabindex="0">
                <div class="overlay">
                                        <div class="overlay-inner ">
                        <a href="https://agbatalha.pt/portal/pre-escolar/"><h2 class="img-accordion-title">Pré-escolar</h2></a>                            <p><p>Clique para ver a lista de Escolas do Pré-Escolar</p></p>
                                            </div>
                </div>
            </div>
                    
            <div class="eael-image-accordion-hover eael-image-accordion-item" style="background-image: url(https://agbatalha.pt/portal/wp-content/uploads/2025/08/centro-escolar.jpg);"  tabindex="0">
                <div class="overlay">
                                        <div class="overlay-inner ">
                        <a href="https://agbatalha.pt/portal/basico/"><h2 class="img-accordion-title">Ensino Básico (1º, 2º e 3º ciclo)</h2></a>                            <p><p>Clique para conhecer a nossa oferta do Ensino Básico </p></p>
                                            </div>
                </div>
            </div>
                    
            <div class="eael-image-accordion-hover eael-image-accordion-item" style="background-image: url(https://agbatalha.pt/portal/wp-content/uploads/2025/08/sec2.jpg);"  tabindex="0">
                <div class="overlay">
                                        <div class="overlay-inner ">
                        <a href="https://agbatalha.pt/portal/sec-cientifico-humanisticos/"><h2 class="img-accordion-title">Secundário Científico Humanísticos</h2></a>                            <p><p>Clique para ver os nossos Cursos de Secundário Científico Humanísticos</p></p>
                                            </div>
                </div>
            </div>
                    
            <div class="eael-image-accordion-hover eael-image-accordion-item" style="background-image: url(https://agbatalha.pt/portal/wp-content/uploads/2024/02/IMG_0134-scaled.jpg);"  tabindex="0">
                <div class="overlay">
                                        <div class="overlay-inner ">
                        <a href="https://agbatalha.pt/portal/sec-cursos-profissionais/"><h2 class="img-accordion-title">Ensino Profissional</h2></a>                            <p><p>Conhece aqui os nossos Cursos Profissionais e o Portal EUSOUPRO</p></p>
                                            </div>
                </div>
            </div>
                </div>
        <style typr="text/css">
                    #eael-img-accordion-20f957f .eael-image-accordion-hover:hover {
                        flex: 3 1 0% !important;
                    }
                    #eael-img-accordion-20f957f .eael-image-accordion-hover:hover:hover .overlay-inner * {
                        opacity: 1;
                        visibility: visible;
                        transform: none;
                        transition: all .3s .3s;
                    }
                </style>				</div>
				</div>
					</div>
				</div>
				</div>

<p>Do ensino Pré-escolar até ao final do Secundário, o Agrupamento de Escolas da Batalha acompanha-o em todas as etapas!   Conhece aqui um pouco mais de cada um: Pré-escolar Clique para ver a lista de Escolas do Pré-Escolar Ensino Básico (1º, 2º e 3º ciclo) Clique para conhecer a nossa oferta do Ensino Básico  Secundário Científico Humanísticos Clique para ver os nossos Cursos de Secundário Científico Humanísticos Ensino Profissional Conhece aqui os nossos Cursos Profissionais e o Portal EUSOUPRO</p>
