{"id":2777,"date":"2025-11-11T14:58:46","date_gmt":"2025-11-11T14:58:46","guid":{"rendered":"https:\/\/agbatalha.pt\/portal\/?page_id=2777"},"modified":"2025-11-11T15:00:17","modified_gmt":"2025-11-11T15:00:17","slug":"ubuntu","status":"publish","type":"page","link":"https:\/\/agbatalha.pt\/portal\/ubuntu\/","title":{"rendered":"UBUNTU"},"content":{"rendered":"\t\t<div data-elementor-type=\"wp-page\" data-elementor-id=\"2777\" class=\"elementor elementor-2777\">\n\t\t\t\t<div class=\"elementor-element elementor-element-f6318bf e-flex e-con-boxed wpr-particle-no wpr-jarallax-no wpr-parallax-no wpr-sticky-section-no e-con e-parent\" data-id=\"f6318bf\" data-element_type=\"container\" data-e-type=\"container\">\n\t\t\t\t\t<div class=\"e-con-inner\">\n\t\t\t\t<div class=\"elementor-element elementor-element-5f91313 elementor-widget elementor-widget-image\" data-id=\"5f91313\" data-element_type=\"widget\" data-e-type=\"widget\" data-widget_type=\"image.default\">\n\t\t\t\t<div class=\"elementor-widget-container\">\n\t\t\t\t\t\t\t\t\t\t\t\t\t\t\t<img fetchpriority=\"high\" decoding=\"async\" width=\"857\" height=\"482\" src=\"https:\/\/agbatalha.pt\/portal\/wp-content\/uploads\/2025\/11\/UBUNTU.jpg\" class=\"attachment-large size-large wp-image-2779\" alt=\"\" srcset=\"https:\/\/agbatalha.pt\/portal\/wp-content\/uploads\/2025\/11\/UBUNTU.jpg 857w, https:\/\/agbatalha.pt\/portal\/wp-content\/uploads\/2025\/11\/UBUNTU-300x169.jpg 300w, https:\/\/agbatalha.pt\/portal\/wp-content\/uploads\/2025\/11\/UBUNTU-768x432.jpg 768w\" sizes=\"(max-width: 857px) 100vw, 857px\" \/>\t\t\t\t\t\t\t\t\t\t\t\t\t\t\t<\/div>\n\t\t\t\t<\/div>\n\t\t\t\t<div class=\"elementor-element elementor-element-2d5a511 elementor-widget elementor-widget-text-editor\" data-id=\"2d5a511\" data-element_type=\"widget\" data-e-type=\"widget\" data-widget_type=\"text-editor.default\">\n\t\t\t\t<div class=\"elementor-widget-container\">\n\t\t\t\t\t\t\t\t\t<h2><span style=\"color: #ff6600;\"><strong>| ACADEMIA UBUNTU<\/strong><\/span><\/h2><div><div>O Agrupamento de Escolas da Batalha juntou-se em 2020 a este desafio das Academias UBUNTU, presente j\u00e1 em 16 pa\u00edses, e que atrav\u00e9s do Conceito UBUNTU\u00a0&#8220;Eu sou porque tu \u00e9s; Eu s\u00f3 posso ser pessoa atrav\u00e9s das outras pessoas &#8221; procura inspirar os nossos jovens com\u00a0modelos de refer\u00eancia mundial\u00a0de lideran\u00e7a (como Mandela ou Luther King) a serem eles tamb\u00e9m lideres e agentes de mudan\u00e7a.<\/div><div>\u00a0<\/div><div><p>A palavra \u201c<strong>UBUNTU<\/strong>\u201d \u00e9 uma combina\u00e7\u00e3o de dois termos: \u201cNtu\u201d, que significa pessoa e \u201cUbu\u201d, que significa tornar-se. Este m\u00e9todo leva-nos ao desenvolvimento de cinco compet\u00eancias chave: Autoconhecimento, Autoconfian\u00e7a, Resili\u00eancia,\u00a0 Empatia e Servi\u00e7o.<\/p><\/div><div>\u00a0<\/div><div><strong>S\u00e3o objetivos da Academia Ubuntu:<\/strong><\/div><p>Capacitar jovens enquanto agentes de transforma\u00e7\u00e3o ao servi\u00e7o das comunidades, promovendo o desenvolvimento integrado de compet\u00eancias, com enfoque nas capacidades para a lideran\u00e7a servidora;<\/p><p>Capacitar educadores que, demonstrando ter experi\u00eancia e aptid\u00e3o como formadores, reconhecendo o potencial de transforma\u00e7\u00e3o do m\u00e9todo Ubuntu, ajudem a dissemin\u00e1-lo promovendo uma cultura de constru\u00e7\u00e3o de pontes, onde os l\u00edderes servidores tenham um papel cada vez mais relevante;<\/p><p>Promover o di\u00e1logo entre e dentro das comunidades para a promo\u00e7\u00e3o da paz e constru\u00e7\u00e3o da justi\u00e7a, contribuindo para o desenvolvimento de sociedades mais inclusivas e resilientes;<\/p><p>Desenvolver uma \u00e9tica do cuidado, focada na empatia, aten\u00e7\u00e3o e responsabilidade, considerando tr\u00eas dimens\u00f5es: eu, eu-outro, eu-mundo.<\/p><p>Conhece mais em:\u00a0<strong><a href=\"https:\/\/www.academialideresubuntu.org\/pt\/\">https:\/\/www.academialideresubuntu.org\/pt\/<\/a><\/strong><\/p><\/div>\t\t\t\t\t\t\t\t<\/div>\n\t\t\t\t<\/div>\n\t\t\t\t\t<\/div>\n\t\t\t\t<\/div>\n\t\t<div class=\"elementor-element elementor-element-9514fe8 e-flex e-con-boxed wpr-particle-no wpr-jarallax-no wpr-parallax-no wpr-sticky-section-no e-con e-parent\" data-id=\"9514fe8\" data-element_type=\"container\" data-e-type=\"container\">\n\t\t\t\t\t<div class=\"e-con-inner\">\n\t\t\t\t\t<\/div>\n\t\t\t\t<\/div>\n\t\t\t\t<\/div>\n\t\t","protected":false},"excerpt":{"rendered":"<p>| ACADEMIA UBUNTU O Agrupamento de Escolas da Batalha juntou-se em 2020 a este desafio das Academias UBUNTU, presente j\u00e1 em 16 pa\u00edses, e que atrav\u00e9s do Conceito UBUNTU\u00a0&#8220;Eu sou porque tu \u00e9s; Eu s\u00f3 posso ser pessoa atrav\u00e9s das outras pessoas &#8221; procura inspirar os nossos jovens com\u00a0modelos de refer\u00eancia mundial\u00a0de lideran\u00e7a (como Mandela ou Luther King) a serem eles tamb\u00e9m lideres e agentes de mudan\u00e7a.\u00a0 A palavra \u201cUBUNTU\u201d \u00e9 uma combina\u00e7\u00e3o de dois termos: \u201cNtu\u201d, que significa pessoa e \u201cUbu\u201d, que significa tornar-se. Este m\u00e9todo leva-nos ao desenvolvimento de cinco compet\u00eancias chave: Autoconhecimento, Autoconfian\u00e7a, Resili\u00eancia,\u00a0 Empatia e Servi\u00e7o. \u00a0S\u00e3o objetivos da Academia Ubuntu: Capacitar jovens enquanto agentes de transforma\u00e7\u00e3o ao servi\u00e7o das comunidades, promovendo o desenvolvimento integrado de compet\u00eancias, com enfoque nas capacidades para a lideran\u00e7a servidora; Capacitar educadores que, demonstrando ter experi\u00eancia e aptid\u00e3o como formadores, reconhecendo o potencial de transforma\u00e7\u00e3o do m\u00e9todo Ubuntu, ajudem a dissemin\u00e1-lo promovendo uma cultura de constru\u00e7\u00e3o de pontes, onde os l\u00edderes servidores tenham um papel cada vez mais relevante; Promover o di\u00e1logo entre e dentro das comunidades para a promo\u00e7\u00e3o da paz e constru\u00e7\u00e3o da justi\u00e7a, contribuindo para o desenvolvimento de sociedades mais inclusivas e resilientes; Desenvolver uma \u00e9tica do cuidado, focada na empatia, aten\u00e7\u00e3o e responsabilidade, considerando tr\u00eas dimens\u00f5es: eu, eu-outro, eu-mundo. Conhece mais em:\u00a0https:\/\/www.academialideresubuntu.org\/pt\/<\/p>\n","protected":false},"author":2,"featured_media":0,"parent":0,"menu_order":0,"comment_status":"closed","ping_status":"closed","template":"","meta":{"footnotes":""},"class_list":["post-2777","page","type-page","status-publish","hentry"],"_links":{"self":[{"href":"https:\/\/agbatalha.pt\/portal\/wp-json\/wp\/v2\/pages\/2777","targetHints":{"allow":["GET"]}}],"collection":[{"href":"https:\/\/agbatalha.pt\/portal\/wp-json\/wp\/v2\/pages"}],"about":[{"href":"https:\/\/agbatalha.pt\/portal\/wp-json\/wp\/v2\/types\/page"}],"author":[{"embeddable":true,"href":"https:\/\/agbatalha.pt\/portal\/wp-json\/wp\/v2\/users\/2"}],"replies":[{"embeddable":true,"href":"https:\/\/agbatalha.pt\/portal\/wp-json\/wp\/v2\/comments?post=2777"}],"version-history":[{"count":4,"href":"https:\/\/agbatalha.pt\/portal\/wp-json\/wp\/v2\/pages\/2777\/revisions"}],"predecessor-version":[{"id":2782,"href":"https:\/\/agbatalha.pt\/portal\/wp-json\/wp\/v2\/pages\/2777\/revisions\/2782"}],"wp:attachment":[{"href":"https:\/\/agbatalha.pt\/portal\/wp-json\/wp\/v2\/media?parent=2777"}],"curies":[{"name":"wp","href":"https:\/\/api.w.org\/{rel}","templated":true}]}}

<div data-elementor-type="wp-page" data-elementor-id="2777" class="elementor elementor-2777">
				<div class="elementor-element elementor-element-f6318bf e-flex e-con-boxed wpr-particle-no wpr-jarallax-no wpr-parallax-no wpr-sticky-section-no e-con e-parent" data-id="f6318bf" data-element_type="container" data-e-type="container">
					<div class="e-con-inner">
				<div class="elementor-element elementor-element-5f91313 elementor-widget elementor-widget-image" data-id="5f91313" data-element_type="widget" data-e-type="widget" data-widget_type="image.default">
				<div class="elementor-widget-container">
															<img fetchpriority="high" decoding="async" width="857" height="482" src="https://agbatalha.pt/portal/wp-content/uploads/2025/11/UBUNTU.jpg" class="attachment-large size-large wp-image-2779" alt="" srcset="https://agbatalha.pt/portal/wp-content/uploads/2025/11/UBUNTU.jpg 857w, https://agbatalha.pt/portal/wp-content/uploads/2025/11/UBUNTU-300x169.jpg 300w, https://agbatalha.pt/portal/wp-content/uploads/2025/11/UBUNTU-768x432.jpg 768w" sizes="(max-width: 857px) 100vw, 857px" />															</div>
				</div>
				<div class="elementor-element elementor-element-2d5a511 elementor-widget elementor-widget-text-editor" data-id="2d5a511" data-element_type="widget" data-e-type="widget" data-widget_type="text-editor.default">
				<div class="elementor-widget-container">
									<h2><span style="color: #ff6600;"><strong>| ACADEMIA UBUNTU</strong></span></h2><div><div>O Agrupamento de Escolas da Batalha juntou-se em 2020 a este desafio das Academias UBUNTU, presente já em 16 países, e que através do Conceito UBUNTU &#8220;Eu sou porque tu és; Eu só posso ser pessoa através das outras pessoas &#8221; procura inspirar os nossos jovens com modelos de referência mundial de liderança (como Mandela ou Luther King) a serem eles também lideres e agentes de mudança.</div><div> </div><div><p>A palavra “<strong>UBUNTU</strong>” é uma combinação de dois termos: “Ntu”, que significa pessoa e “Ubu”, que significa tornar-se. Este método leva-nos ao desenvolvimento de cinco competências chave: Autoconhecimento, Autoconfiança, Resiliência,  Empatia e Serviço.</p></div><div> </div><div><strong>São objetivos da Academia Ubuntu:</strong></div><p>Capacitar jovens enquanto agentes de transformação ao serviço das comunidades, promovendo o desenvolvimento integrado de competências, com enfoque nas capacidades para a liderança servidora;</p><p>Capacitar educadores que, demonstrando ter experiência e aptidão como formadores, reconhecendo o potencial de transformação do método Ubuntu, ajudem a disseminá-lo promovendo uma cultura de construção de pontes, onde os líderes servidores tenham um papel cada vez mais relevante;</p><p>Promover o diálogo entre e dentro das comunidades para a promoção da paz e construção da justiça, contribuindo para o desenvolvimento de sociedades mais inclusivas e resilientes;</p><p>Desenvolver uma ética do cuidado, focada na empatia, atenção e responsabilidade, considerando três dimensões: eu, eu-outro, eu-mundo.</p><p>Conhece mais em: <strong><a href="https://www.academialideresubuntu.org/pt/">https://www.academialideresubuntu.org/pt/</a></strong></p></div>								</div>
				</div>
					</div>
				</div>
		<div class="elementor-element elementor-element-9514fe8 e-flex e-con-boxed wpr-particle-no wpr-jarallax-no wpr-parallax-no wpr-sticky-section-no e-con e-parent" data-id="9514fe8" data-element_type="container" data-e-type="container">
					<div class="e-con-inner">
					</div>
				</div>
				</div>

<p>| ACADEMIA UBUNTU O Agrupamento de Escolas da Batalha juntou-se em 2020 a este desafio das Academias UBUNTU, presente já em 16 países, e que através do Conceito UBUNTU &#8220;Eu sou porque tu és; Eu só posso ser pessoa através das outras pessoas &#8221; procura inspirar os nossos jovens com modelos de referência mundial de liderança (como Mandela ou Luther King) a serem eles também lideres e agentes de mudança.  A palavra “UBUNTU” é uma combinação de dois termos: “Ntu”, que significa pessoa e “Ubu”, que significa tornar-se. Este método leva-nos ao desenvolvimento de cinco competências chave: Autoconhecimento, Autoconfiança, Resiliência,  Empatia e Serviço.  São objetivos da Academia Ubuntu: Capacitar jovens enquanto agentes de transformação ao serviço das comunidades, promovendo o desenvolvimento integrado de competências, com enfoque nas capacidades para a liderança servidora; Capacitar educadores que, demonstrando ter experiência e aptidão como formadores, reconhecendo o potencial de transformação do método Ubuntu, ajudem a disseminá-lo promovendo uma cultura de construção de pontes, onde os líderes servidores tenham um papel cada vez mais relevante; Promover o diálogo entre e dentro das comunidades para a promoção da paz e construção da justiça, contribuindo para o desenvolvimento de sociedades mais inclusivas e resilientes; Desenvolver uma ética do cuidado, focada na empatia, atenção e responsabilidade, considerando três dimensões: eu, eu-outro, eu-mundo. Conhece mais em: https://www.academialideresubuntu.org/pt/</p>
