{"id":2895,"date":"2025-12-30T22:01:59","date_gmt":"2025-12-30T22:01:59","guid":{"rendered":"https:\/\/agbatalha.pt\/portal\/?page_id=2895"},"modified":"2025-12-30T22:05:32","modified_gmt":"2025-12-30T22:05:32","slug":"unesco-aeb","status":"publish","type":"page","link":"https:\/\/agbatalha.pt\/portal\/unesco-aeb\/","title":{"rendered":"Escola membro da Rede de Escolas Associadas da UNESCO"},"content":{"rendered":"\t\t<div data-elementor-type=\"wp-page\" data-elementor-id=\"2895\" class=\"elementor elementor-2895\">\n\t\t\t\t<div class=\"elementor-element elementor-element-9eb3310 e-flex e-con-boxed wpr-particle-no wpr-jarallax-no wpr-parallax-no wpr-sticky-section-no e-con e-parent\" data-id=\"9eb3310\" data-element_type=\"container\" data-e-type=\"container\">\n\t\t\t\t\t<div class=\"e-con-inner\">\n\t\t\t\t<div class=\"elementor-element elementor-element-3bdd864 elementor-widget elementor-widget-image\" data-id=\"3bdd864\" data-element_type=\"widget\" data-e-type=\"widget\" data-widget_type=\"image.default\">\n\t\t\t\t<div class=\"elementor-widget-container\">\n\t\t\t\t\t\t\t\t\t\t\t\t\t\t\t<img fetchpriority=\"high\" decoding=\"async\" width=\"852\" height=\"746\" src=\"https:\/\/agbatalha.pt\/portal\/wp-content\/uploads\/2025\/12\/logoescolasnovo2-01.jpg\" class=\"attachment-large size-large wp-image-2897\" alt=\"\" srcset=\"https:\/\/agbatalha.pt\/portal\/wp-content\/uploads\/2025\/12\/logoescolasnovo2-01.jpg 852w, https:\/\/agbatalha.pt\/portal\/wp-content\/uploads\/2025\/12\/logoescolasnovo2-01-300x263.jpg 300w, https:\/\/agbatalha.pt\/portal\/wp-content\/uploads\/2025\/12\/logoescolasnovo2-01-768x672.jpg 768w\" sizes=\"(max-width: 852px) 100vw, 852px\" \/>\t\t\t\t\t\t\t\t\t\t\t\t\t\t\t<\/div>\n\t\t\t\t<\/div>\n\t\t\t\t\t<\/div>\n\t\t\t\t<\/div>\n\t\t<div class=\"elementor-element elementor-element-045ca6a e-flex e-con-boxed wpr-particle-no wpr-jarallax-no wpr-parallax-no wpr-sticky-section-no e-con e-parent\" data-id=\"045ca6a\" data-element_type=\"container\" data-e-type=\"container\">\n\t\t\t\t\t<div class=\"e-con-inner\">\n\t\t\t\t<div class=\"elementor-element elementor-element-4f2cfb5 elementor-widget elementor-widget-text-editor\" data-id=\"4f2cfb5\" data-element_type=\"widget\" data-e-type=\"widget\" data-widget_type=\"text-editor.default\">\n\t\t\t\t<div class=\"elementor-widget-container\">\n\t\t\t\t\t\t\t\t\t<p class=\"rtejustify\">O Agrupamento de Escolas da Batalha iniciou neste ano letivo a aventura na Rede de Escolas Associadas da UNESCO. Pareceu-nos de imediato o caminho mais l\u00f3gico para uma comunidade que sempre se regulou por valores universais, sempre promoveu e estimulou projetos ligados a uma vis\u00e3o human\u00edstica da educa\u00e7\u00e3o. A candidatura n\u00e3o foi nunca uma iniciativa individual, mas sim a vontade coletiva de fazer parte de algo maior, onde as partilhas trouxessem benef\u00edcios m\u00fatuos, novas aprendizagens, novas ferramentas. Os professores e alunos mobilizaram-se para projetos solid\u00e1rios, inclusivos, participativos e promotores de uma consci\u00eancia c\u00edvica mais global.<\/p><p class=\"rtejustify\">Nunca fomos movidos pelo volume ou impacto medi\u00e1tico dos projetos. Se uns movimentaram quase toda a comunidade, como o projeto EcoPlastic ou o LikeSa\u00fade, onde alunos do ensino Secund\u00e1rio se organizaram para irem \u00e0s aulas dos n\u00edveis de ensino inferiores sensibiliz\u00e1los para as problem\u00e1ticas da Agenda 2020 e para a necessidade de mudan\u00e7as de comportamento ao alcance de todos, outros foram mais pontuais, como a divulga\u00e7\u00e3o das mensagens proativas de Audrey Azoulay, Diretora-geral da UNESCO. E foi na sala de aula, na sombra das paredes, que muitas das vezes sob o s\u00edmbolo da UNESCO as abordagens destas tem\u00e1ticas foram mais consistentes e mais ricas. O impacto da epidemia COVID-19 veio trazer constrangimentos inesperados para a continua\u00e7\u00e3o de alguns projetos, sobretudo no projeto Rede Escolas Magalh\u00e2nicas, envolvendo o primeiro ciclo. Estas tinham j\u00e1 feito um grande percurso na tem\u00e1tica, com visionamento de filmes, visita \u00e0 caravela Vera Cruz, tinham j\u00e1 escrito as cartas para trocarem com escolas da Am\u00e9rica Latina (aguardavam apenas a abertura do ano letivo destas), fizeram dramatiza\u00e7\u00f5es com batalhas navais da Armada, quando\u2026 O mesmo constrangimento se colocou ao projeto de levantamento em Minecraft de um modelo \u00e0 escala de blocos do jogo do Mosteiro de Santa Maria da Vit\u00f3ria da Batalha, entretanto interrompido. Este n\u00e3o \u00e9 apenas um modelo arquitet\u00f3nico mas um jogo interativo onde quando se passeia no interior do monumento os visitantes testam os seus conhecimentos e s\u00e3o sensibilizados para a sua prote\u00e7\u00e3o. Foi uma forma interdisciplinar de criar uma \u00e2ncora de aprendizagens motivadoras e, simultaneamente, de promover uma consci\u00eancia de salvaguarda e de viv\u00eancia do patrim\u00f3nio. Ter\u00e1 de ser terminado no pr\u00f3ximo ano letivo. Seria a ponte para mais um projeto de aprendizagens por pares, as Brigadas de Patrim\u00f3nio, com alunos do Secund\u00e1rio e do Ensino Profissional a irem neste terceiro per\u00edodo percorrer as turmas de n\u00edveis inferiores na promo\u00e7\u00e3o destes valores.<\/p><p class=\"rtejustify\">Apesar dos referidos constrangimentos, no Ensino \u00e0 Dist\u00e2ncia continu\u00e1mos a promover estes valores universais, a trabalhar na Agenda 2020, na promo\u00e7\u00e3o e salvaguarda do Patrim\u00f3nio, nas Escolas Magalh\u00e2nicas, com alunos a fazerem pe\u00e7as de teatro, a escreverem poemas, can\u00e7\u00f5es, a desenharem, a constru\u00edrem, a serem jovens criativos e atentos debaixo desta ab\u00f3bada estrelada de tantas pontas e chaves que \u00e9 a Rede Escolas Associadas da UNESCO.<\/p><p class=\"rtejustify\">Os desafios que se aproximam ser\u00e3o enormes, no que diz respeito \u00e0s aprendizagens curriculares, mas ser\u00e3o sobretudo por n\u00f3s centrados na forma\u00e7\u00e3o de jovens cidad\u00e3os ativos e agentes de mudan\u00e7a enquanto Escola Associada!<\/p>\t\t\t\t\t\t\t\t<\/div>\n\t\t\t\t<\/div>\n\t\t<div class=\"elementor-element elementor-element-a26ca5e e-con-full e-flex wpr-particle-no wpr-jarallax-no wpr-parallax-no wpr-sticky-section-no e-con e-child\" data-id=\"a26ca5e\" data-element_type=\"container\" data-e-type=\"container\">\n\t\t\t\t<div class=\"elementor-element elementor-element-32c14f1 elementor-widget elementor-widget-video\" data-id=\"32c14f1\" data-element_type=\"widget\" data-e-type=\"widget\" data-settings=\"{&quot;youtube_url&quot;:&quot;https:\\\/\\\/youtu.be\\\/HBZswKAqiaE&quot;,&quot;video_type&quot;:&quot;youtube&quot;,&quot;controls&quot;:&quot;yes&quot;}\" data-widget_type=\"video.default\">\n\t\t\t\t<div class=\"elementor-widget-container\">\n\t\t\t\t\t\t\t<div class=\"elementor-wrapper elementor-open-inline\">\n\t\t\t<div class=\"elementor-video\"><\/div>\t\t<\/div>\n\t\t\t\t\t\t<\/div>\n\t\t\t\t<\/div>\n\t\t\t\t<\/div>\n\t\t\t\t\t<\/div>\n\t\t\t\t<\/div>\n\t\t\t\t<\/div>\n\t\t","protected":false},"excerpt":{"rendered":"<p>O Agrupamento de Escolas da Batalha iniciou neste ano letivo a aventura na Rede de Escolas Associadas da UNESCO. Pareceu-nos de imediato o caminho mais l\u00f3gico para uma comunidade que sempre se regulou por valores universais, sempre promoveu e estimulou projetos ligados a uma vis\u00e3o human\u00edstica da educa\u00e7\u00e3o. A candidatura n\u00e3o foi nunca uma iniciativa individual, mas sim a vontade coletiva de fazer parte de algo maior, onde as partilhas trouxessem benef\u00edcios m\u00fatuos, novas aprendizagens, novas ferramentas. Os professores e alunos mobilizaram-se para projetos solid\u00e1rios, inclusivos, participativos e promotores de uma consci\u00eancia c\u00edvica mais global. Nunca fomos movidos pelo volume ou impacto medi\u00e1tico dos projetos. Se uns movimentaram quase toda a comunidade, como o projeto EcoPlastic ou o LikeSa\u00fade, onde alunos do ensino Secund\u00e1rio se organizaram para irem \u00e0s aulas dos n\u00edveis de ensino inferiores sensibiliz\u00e1los para as problem\u00e1ticas da Agenda 2020 e para a necessidade de mudan\u00e7as de comportamento ao alcance de todos, outros foram mais pontuais, como a divulga\u00e7\u00e3o das mensagens proativas de Audrey Azoulay, Diretora-geral da UNESCO. E foi na sala de aula, na sombra das paredes, que muitas das vezes sob o s\u00edmbolo da UNESCO as abordagens destas tem\u00e1ticas foram mais consistentes e mais ricas. O impacto da epidemia COVID-19 veio trazer constrangimentos inesperados para a continua\u00e7\u00e3o de alguns projetos, sobretudo no projeto Rede Escolas Magalh\u00e2nicas, envolvendo o primeiro ciclo. Estas tinham j\u00e1 feito um grande percurso na tem\u00e1tica, com visionamento de filmes, visita \u00e0 caravela Vera Cruz, tinham j\u00e1 escrito as cartas para trocarem com escolas da Am\u00e9rica Latina (aguardavam apenas a abertura do ano letivo destas), fizeram dramatiza\u00e7\u00f5es com batalhas navais da Armada, quando\u2026 O mesmo constrangimento se colocou ao projeto de levantamento em Minecraft de um modelo \u00e0 escala de blocos do jogo do Mosteiro de Santa Maria da Vit\u00f3ria da Batalha, entretanto interrompido. Este n\u00e3o \u00e9 apenas um modelo arquitet\u00f3nico mas um jogo interativo onde quando se passeia no interior do monumento os visitantes testam os seus conhecimentos e s\u00e3o sensibilizados para a sua prote\u00e7\u00e3o. Foi uma forma interdisciplinar de criar uma \u00e2ncora de aprendizagens motivadoras e, simultaneamente, de promover uma consci\u00eancia de salvaguarda e de viv\u00eancia do patrim\u00f3nio. Ter\u00e1 de ser terminado no pr\u00f3ximo ano letivo. Seria a ponte para mais um projeto de aprendizagens por pares, as Brigadas de Patrim\u00f3nio, com alunos do Secund\u00e1rio e do Ensino Profissional a irem neste terceiro per\u00edodo percorrer as turmas de n\u00edveis inferiores na promo\u00e7\u00e3o destes valores. Apesar dos referidos constrangimentos, no Ensino \u00e0 Dist\u00e2ncia continu\u00e1mos a promover estes valores universais, a trabalhar na Agenda 2020, na promo\u00e7\u00e3o e salvaguarda do Patrim\u00f3nio, nas Escolas Magalh\u00e2nicas, com alunos a fazerem pe\u00e7as de teatro, a escreverem poemas, can\u00e7\u00f5es, a desenharem, a constru\u00edrem, a serem jovens criativos e atentos debaixo desta ab\u00f3bada estrelada de tantas pontas e chaves que \u00e9 a Rede Escolas Associadas da UNESCO. Os desafios que se aproximam ser\u00e3o enormes, no que diz respeito \u00e0s aprendizagens curriculares, mas ser\u00e3o sobretudo por n\u00f3s centrados na forma\u00e7\u00e3o de jovens cidad\u00e3os ativos e agentes de mudan\u00e7a enquanto Escola Associada! https:\/\/youtu.be\/HBZswKAqiaE<\/p>\n","protected":false},"author":2,"featured_media":0,"parent":0,"menu_order":0,"comment_status":"closed","ping_status":"closed","template":"","meta":{"footnotes":""},"class_list":["post-2895","page","type-page","status-publish","hentry"],"_links":{"self":[{"href":"https:\/\/agbatalha.pt\/portal\/wp-json\/wp\/v2\/pages\/2895","targetHints":{"allow":["GET"]}}],"collection":[{"href":"https:\/\/agbatalha.pt\/portal\/wp-json\/wp\/v2\/pages"}],"about":[{"href":"https:\/\/agbatalha.pt\/portal\/wp-json\/wp\/v2\/types\/page"}],"author":[{"embeddable":true,"href":"https:\/\/agbatalha.pt\/portal\/wp-json\/wp\/v2\/users\/2"}],"replies":[{"embeddable":true,"href":"https:\/\/agbatalha.pt\/portal\/wp-json\/wp\/v2\/comments?post=2895"}],"version-history":[{"count":4,"href":"https:\/\/agbatalha.pt\/portal\/wp-json\/wp\/v2\/pages\/2895\/revisions"}],"predecessor-version":[{"id":2900,"href":"https:\/\/agbatalha.pt\/portal\/wp-json\/wp\/v2\/pages\/2895\/revisions\/2900"}],"wp:attachment":[{"href":"https:\/\/agbatalha.pt\/portal\/wp-json\/wp\/v2\/media?parent=2895"}],"curies":[{"name":"wp","href":"https:\/\/api.w.org\/{rel}","templated":true}]}}

<div data-elementor-type="wp-page" data-elementor-id="2895" class="elementor elementor-2895">
				<div class="elementor-element elementor-element-9eb3310 e-flex e-con-boxed wpr-particle-no wpr-jarallax-no wpr-parallax-no wpr-sticky-section-no e-con e-parent" data-id="9eb3310" data-element_type="container" data-e-type="container">
					<div class="e-con-inner">
				<div class="elementor-element elementor-element-3bdd864 elementor-widget elementor-widget-image" data-id="3bdd864" data-element_type="widget" data-e-type="widget" data-widget_type="image.default">
				<div class="elementor-widget-container">
															<img fetchpriority="high" decoding="async" width="852" height="746" src="https://agbatalha.pt/portal/wp-content/uploads/2025/12/logoescolasnovo2-01.jpg" class="attachment-large size-large wp-image-2897" alt="" srcset="https://agbatalha.pt/portal/wp-content/uploads/2025/12/logoescolasnovo2-01.jpg 852w, https://agbatalha.pt/portal/wp-content/uploads/2025/12/logoescolasnovo2-01-300x263.jpg 300w, https://agbatalha.pt/portal/wp-content/uploads/2025/12/logoescolasnovo2-01-768x672.jpg 768w" sizes="(max-width: 852px) 100vw, 852px" />															</div>
				</div>
					</div>
				</div>
		<div class="elementor-element elementor-element-045ca6a e-flex e-con-boxed wpr-particle-no wpr-jarallax-no wpr-parallax-no wpr-sticky-section-no e-con e-parent" data-id="045ca6a" data-element_type="container" data-e-type="container">
					<div class="e-con-inner">
				<div class="elementor-element elementor-element-4f2cfb5 elementor-widget elementor-widget-text-editor" data-id="4f2cfb5" data-element_type="widget" data-e-type="widget" data-widget_type="text-editor.default">
				<div class="elementor-widget-container">
									<p class="rtejustify">O Agrupamento de Escolas da Batalha iniciou neste ano letivo a aventura na Rede de Escolas Associadas da UNESCO. Pareceu-nos de imediato o caminho mais lógico para uma comunidade que sempre se regulou por valores universais, sempre promoveu e estimulou projetos ligados a uma visão humanística da educação. A candidatura não foi nunca uma iniciativa individual, mas sim a vontade coletiva de fazer parte de algo maior, onde as partilhas trouxessem benefícios mútuos, novas aprendizagens, novas ferramentas. Os professores e alunos mobilizaram-se para projetos solidários, inclusivos, participativos e promotores de uma consciência cívica mais global.</p><p class="rtejustify">Nunca fomos movidos pelo volume ou impacto mediático dos projetos. Se uns movimentaram quase toda a comunidade, como o projeto EcoPlastic ou o LikeSaúde, onde alunos do ensino Secundário se organizaram para irem às aulas dos níveis de ensino inferiores sensibilizálos para as problemáticas da Agenda 2020 e para a necessidade de mudanças de comportamento ao alcance de todos, outros foram mais pontuais, como a divulgação das mensagens proativas de Audrey Azoulay, Diretora-geral da UNESCO. E foi na sala de aula, na sombra das paredes, que muitas das vezes sob o símbolo da UNESCO as abordagens destas temáticas foram mais consistentes e mais ricas. O impacto da epidemia COVID-19 veio trazer constrangimentos inesperados para a continuação de alguns projetos, sobretudo no projeto Rede Escolas Magalhânicas, envolvendo o primeiro ciclo. Estas tinham já feito um grande percurso na temática, com visionamento de filmes, visita à caravela Vera Cruz, tinham já escrito as cartas para trocarem com escolas da América Latina (aguardavam apenas a abertura do ano letivo destas), fizeram dramatizações com batalhas navais da Armada, quando… O mesmo constrangimento se colocou ao projeto de levantamento em Minecraft de um modelo à escala de blocos do jogo do Mosteiro de Santa Maria da Vitória da Batalha, entretanto interrompido. Este não é apenas um modelo arquitetónico mas um jogo interativo onde quando se passeia no interior do monumento os visitantes testam os seus conhecimentos e são sensibilizados para a sua proteção. Foi uma forma interdisciplinar de criar uma âncora de aprendizagens motivadoras e, simultaneamente, de promover uma consciência de salvaguarda e de vivência do património. Terá de ser terminado no próximo ano letivo. Seria a ponte para mais um projeto de aprendizagens por pares, as Brigadas de Património, com alunos do Secundário e do Ensino Profissional a irem neste terceiro período percorrer as turmas de níveis inferiores na promoção destes valores.</p><p class="rtejustify">Apesar dos referidos constrangimentos, no Ensino à Distância continuámos a promover estes valores universais, a trabalhar na Agenda 2020, na promoção e salvaguarda do Património, nas Escolas Magalhânicas, com alunos a fazerem peças de teatro, a escreverem poemas, canções, a desenharem, a construírem, a serem jovens criativos e atentos debaixo desta abóbada estrelada de tantas pontas e chaves que é a Rede Escolas Associadas da UNESCO.</p><p class="rtejustify">Os desafios que se aproximam serão enormes, no que diz respeito às aprendizagens curriculares, mas serão sobretudo por nós centrados na formação de jovens cidadãos ativos e agentes de mudança enquanto Escola Associada!</p>								</div>
				</div>
		<div class="elementor-element elementor-element-a26ca5e e-con-full e-flex wpr-particle-no wpr-jarallax-no wpr-parallax-no wpr-sticky-section-no e-con e-child" data-id="a26ca5e" data-element_type="container" data-e-type="container">
				<div class="elementor-element elementor-element-32c14f1 elementor-widget elementor-widget-video" data-id="32c14f1" data-element_type="widget" data-e-type="widget" data-settings="{&quot;youtube_url&quot;:&quot;https:\/\/youtu.be\/HBZswKAqiaE&quot;,&quot;video_type&quot;:&quot;youtube&quot;,&quot;controls&quot;:&quot;yes&quot;}" data-widget_type="video.default">
				<div class="elementor-widget-container">
							<div class="elementor-wrapper elementor-open-inline">
			<div class="elementor-video"></div>		</div>
						</div>
				</div>
				</div>
					</div>
				</div>
				</div>

<p>O Agrupamento de Escolas da Batalha iniciou neste ano letivo a aventura na Rede de Escolas Associadas da UNESCO. Pareceu-nos de imediato o caminho mais lógico para uma comunidade que sempre se regulou por valores universais, sempre promoveu e estimulou projetos ligados a uma visão humanística da educação. A candidatura não foi nunca uma iniciativa individual, mas sim a vontade coletiva de fazer parte de algo maior, onde as partilhas trouxessem benefícios mútuos, novas aprendizagens, novas ferramentas. Os professores e alunos mobilizaram-se para projetos solidários, inclusivos, participativos e promotores de uma consciência cívica mais global. Nunca fomos movidos pelo volume ou impacto mediático dos projetos. Se uns movimentaram quase toda a comunidade, como o projeto EcoPlastic ou o LikeSaúde, onde alunos do ensino Secundário se organizaram para irem às aulas dos níveis de ensino inferiores sensibilizálos para as problemáticas da Agenda 2020 e para a necessidade de mudanças de comportamento ao alcance de todos, outros foram mais pontuais, como a divulgação das mensagens proativas de Audrey Azoulay, Diretora-geral da UNESCO. E foi na sala de aula, na sombra das paredes, que muitas das vezes sob o símbolo da UNESCO as abordagens destas temáticas foram mais consistentes e mais ricas. O impacto da epidemia COVID-19 veio trazer constrangimentos inesperados para a continuação de alguns projetos, sobretudo no projeto Rede Escolas Magalhânicas, envolvendo o primeiro ciclo. Estas tinham já feito um grande percurso na temática, com visionamento de filmes, visita à caravela Vera Cruz, tinham já escrito as cartas para trocarem com escolas da América Latina (aguardavam apenas a abertura do ano letivo destas), fizeram dramatizações com batalhas navais da Armada, quando… O mesmo constrangimento se colocou ao projeto de levantamento em Minecraft de um modelo à escala de blocos do jogo do Mosteiro de Santa Maria da Vitória da Batalha, entretanto interrompido. Este não é apenas um modelo arquitetónico mas um jogo interativo onde quando se passeia no interior do monumento os visitantes testam os seus conhecimentos e são sensibilizados para a sua proteção. Foi uma forma interdisciplinar de criar uma âncora de aprendizagens motivadoras e, simultaneamente, de promover uma consciência de salvaguarda e de vivência do património. Terá de ser terminado no próximo ano letivo. Seria a ponte para mais um projeto de aprendizagens por pares, as Brigadas de Património, com alunos do Secundário e do Ensino Profissional a irem neste terceiro período percorrer as turmas de níveis inferiores na promoção destes valores. Apesar dos referidos constrangimentos, no Ensino à Distância continuámos a promover estes valores universais, a trabalhar na Agenda 2020, na promoção e salvaguarda do Património, nas Escolas Magalhânicas, com alunos a fazerem peças de teatro, a escreverem poemas, canções, a desenharem, a construírem, a serem jovens criativos e atentos debaixo desta abóbada estrelada de tantas pontas e chaves que é a Rede Escolas Associadas da UNESCO. Os desafios que se aproximam serão enormes, no que diz respeito às aprendizagens curriculares, mas serão sobretudo por nós centrados na formação de jovens cidadãos ativos e agentes de mudança enquanto Escola Associada! https://youtu.be/HBZswKAqiaE</p>
