{"id":2924,"date":"2025-12-30T22:57:15","date_gmt":"2025-12-30T22:57:15","guid":{"rendered":"https:\/\/agbatalha.pt\/portal\/?page_id=2924"},"modified":"2025-12-30T22:58:55","modified_gmt":"2025-12-30T22:58:55","slug":"ciencia-viva","status":"publish","type":"page","link":"https:\/\/agbatalha.pt\/portal\/ciencia-viva\/","title":{"rendered":"Ci\u00eancia Viva"},"content":{"rendered":"\t\t<div data-elementor-type=\"wp-page\" data-elementor-id=\"2924\" class=\"elementor elementor-2924\">\n\t\t\t\t<div class=\"elementor-element elementor-element-f6318bf e-flex e-con-boxed wpr-particle-no wpr-jarallax-no wpr-parallax-no wpr-sticky-section-no e-con e-parent\" data-id=\"f6318bf\" data-element_type=\"container\" data-e-type=\"container\">\n\t\t\t\t\t<div class=\"e-con-inner\">\n\t\t<div class=\"elementor-element elementor-element-cdc8dc9 e-con-full e-flex wpr-particle-no wpr-jarallax-no wpr-parallax-no wpr-sticky-section-no e-con e-child\" data-id=\"cdc8dc9\" data-element_type=\"container\" data-e-type=\"container\">\n\t\t<div class=\"elementor-element elementor-element-caf58e5 e-con-full e-flex wpr-particle-no wpr-jarallax-no wpr-parallax-no wpr-sticky-section-no e-con e-child\" data-id=\"caf58e5\" data-element_type=\"container\" data-e-type=\"container\">\n\t\t\t\t<div class=\"elementor-element elementor-element-5c7cbfa elementor-widget elementor-widget-image\" data-id=\"5c7cbfa\" data-element_type=\"widget\" data-e-type=\"widget\" data-widget_type=\"image.default\">\n\t\t\t\t<div class=\"elementor-widget-container\">\n\t\t\t\t\t\t\t\t\t\t\t\t\t\t\t<img fetchpriority=\"high\" decoding=\"async\" width=\"960\" height=\"960\" src=\"https:\/\/agbatalha.pt\/portal\/wp-content\/uploads\/2025\/12\/CENCIAVIVA_AEB-1024x1024.jpg\" class=\"attachment-large size-large wp-image-2926\" alt=\"\" srcset=\"https:\/\/agbatalha.pt\/portal\/wp-content\/uploads\/2025\/12\/CENCIAVIVA_AEB-1024x1024.jpg 1024w, https:\/\/agbatalha.pt\/portal\/wp-content\/uploads\/2025\/12\/CENCIAVIVA_AEB-300x300.jpg 300w, https:\/\/agbatalha.pt\/portal\/wp-content\/uploads\/2025\/12\/CENCIAVIVA_AEB-150x150.jpg 150w, https:\/\/agbatalha.pt\/portal\/wp-content\/uploads\/2025\/12\/CENCIAVIVA_AEB-768x768.jpg 768w, https:\/\/agbatalha.pt\/portal\/wp-content\/uploads\/2025\/12\/CENCIAVIVA_AEB-1536x1536.jpg 1536w, https:\/\/agbatalha.pt\/portal\/wp-content\/uploads\/2025\/12\/CENCIAVIVA_AEB.jpg 2046w\" sizes=\"(max-width: 960px) 100vw, 960px\" \/>\t\t\t\t\t\t\t\t\t\t\t\t\t\t\t<\/div>\n\t\t\t\t<\/div>\n\t\t\t\t<\/div>\n\t\t<div class=\"elementor-element elementor-element-d691120 e-con-full e-flex wpr-particle-no wpr-jarallax-no wpr-parallax-no wpr-sticky-section-no e-con e-child\" data-id=\"d691120\" data-element_type=\"container\" data-e-type=\"container\">\n\t\t\t\t<div class=\"elementor-element elementor-element-42ace3f elementor-widget elementor-widget-image\" data-id=\"42ace3f\" data-element_type=\"widget\" data-e-type=\"widget\" data-widget_type=\"image.default\">\n\t\t\t\t<div class=\"elementor-widget-container\">\n\t\t\t\t\t\t\t\t\t\t\t\t\t\t\t<img decoding=\"async\" width=\"701\" height=\"287\" src=\"https:\/\/agbatalha.pt\/portal\/wp-content\/uploads\/2025\/12\/ccv_1.png\" class=\"attachment-large size-large wp-image-2927\" alt=\"\" srcset=\"https:\/\/agbatalha.pt\/portal\/wp-content\/uploads\/2025\/12\/ccv_1.png 701w, https:\/\/agbatalha.pt\/portal\/wp-content\/uploads\/2025\/12\/ccv_1-300x123.png 300w\" sizes=\"(max-width: 701px) 100vw, 701px\" \/>\t\t\t\t\t\t\t\t\t\t\t\t\t\t\t<\/div>\n\t\t\t\t<\/div>\n\t\t\t\t<\/div>\n\t\t\t\t<\/div>\n\t\t\t\t<div class=\"elementor-element elementor-element-2d5a511 elementor-widget elementor-widget-text-editor\" data-id=\"2d5a511\" data-element_type=\"widget\" data-e-type=\"widget\" data-widget_type=\"text-editor.default\">\n\t\t\t\t<div class=\"elementor-widget-container\">\n\t\t\t\t\t\t\t\t\t<div>A Escola B\u00e1sica e Secund\u00e1ria da Batalha tem a partir do m\u00eas de mar\u00e7o de 2022, um<strong>\u00a0Clube de Ci\u00eancia Viva<\/strong>\u00a0denominado por &#8220;<strong>Viv@C\u00eancia<\/strong>&#8220;.<\/div><div dir=\"auto\">Tendo em considera\u00e7\u00e3o o Perfil dos Alunos \u00e0 Sa\u00edda da Escolaridade Obrigat\u00f3ria, hoje a humanidade tem de ligar educa\u00e7\u00e3o, cultura e ci\u00eancia e por isso o nosso Clube de Ci\u00eancia Viva \u00e9 um projeto que conta com v\u00e1rios parceiros desde, Centros de Ci\u00eancia Viva, Institui\u00e7\u00f5es de Ensino Superior, empresas e institui\u00e7\u00f5es p\u00fablicas dos concelhos da Batalha e Leiria.<\/div><div dir=\"auto\">Com o Clube de Ci\u00eancia Viva, pretendemos promover ainda mais o ensino experimental da ci\u00eancia, fomentar a atra\u00e7\u00e3o dos jovens para carreiras cient\u00edficas e tecnol\u00f3gicas, motivar para a investiga\u00e7\u00e3o em diversas \u00e1reas, abrir a escola \u00e0 comunidade, modernizar estrat\u00e9gias de ensino e disseminar boas pr\u00e1ticas.<\/div><div>Blog do clube:\u00a0<a href=\"https:\/\/cienciaviva-aeb.blogspot.com\/\">https:\/\/cienciaviva-aeb.<wbr \/>blogspot.com<\/a>\/<\/div><div>\u00a0<\/div>\t\t\t\t\t\t\t\t<\/div>\n\t\t\t\t<\/div>\n\t\t\t\t\t<\/div>\n\t\t\t\t<\/div>\n\t\t<div class=\"elementor-element elementor-element-9514fe8 e-flex e-con-boxed wpr-particle-no wpr-jarallax-no wpr-parallax-no wpr-sticky-section-no e-con e-parent\" data-id=\"9514fe8\" data-element_type=\"container\" data-e-type=\"container\">\n\t\t\t\t\t<div class=\"e-con-inner\">\n\t\t\t\t\t<\/div>\n\t\t\t\t<\/div>\n\t\t\t\t<\/div>\n\t\t","protected":false},"excerpt":{"rendered":"<p>A Escola B\u00e1sica e Secund\u00e1ria da Batalha tem a partir do m\u00eas de mar\u00e7o de 2022, um\u00a0Clube de Ci\u00eancia Viva\u00a0denominado por &#8220;Viv@C\u00eancia&#8220;.Tendo em considera\u00e7\u00e3o o Perfil dos Alunos \u00e0 Sa\u00edda da Escolaridade Obrigat\u00f3ria, hoje a humanidade tem de ligar educa\u00e7\u00e3o, cultura e ci\u00eancia e por isso o nosso Clube de Ci\u00eancia Viva \u00e9 um projeto que conta com v\u00e1rios parceiros desde, Centros de Ci\u00eancia Viva, Institui\u00e7\u00f5es de Ensino Superior, empresas e institui\u00e7\u00f5es p\u00fablicas dos concelhos da Batalha e Leiria.Com o Clube de Ci\u00eancia Viva, pretendemos promover ainda mais o ensino experimental da ci\u00eancia, fomentar a atra\u00e7\u00e3o dos jovens para carreiras cient\u00edficas e tecnol\u00f3gicas, motivar para a investiga\u00e7\u00e3o em diversas \u00e1reas, abrir a escola \u00e0 comunidade, modernizar estrat\u00e9gias de ensino e disseminar boas pr\u00e1ticas.Blog do clube:\u00a0https:\/\/cienciaviva-aeb.blogspot.com\/\u00a0<\/p>\n","protected":false},"author":2,"featured_media":0,"parent":0,"menu_order":0,"comment_status":"closed","ping_status":"closed","template":"","meta":{"footnotes":""},"class_list":["post-2924","page","type-page","status-publish","hentry"],"_links":{"self":[{"href":"https:\/\/agbatalha.pt\/portal\/wp-json\/wp\/v2\/pages\/2924","targetHints":{"allow":["GET"]}}],"collection":[{"href":"https:\/\/agbatalha.pt\/portal\/wp-json\/wp\/v2\/pages"}],"about":[{"href":"https:\/\/agbatalha.pt\/portal\/wp-json\/wp\/v2\/types\/page"}],"author":[{"embeddable":true,"href":"https:\/\/agbatalha.pt\/portal\/wp-json\/wp\/v2\/users\/2"}],"replies":[{"embeddable":true,"href":"https:\/\/agbatalha.pt\/portal\/wp-json\/wp\/v2\/comments?post=2924"}],"version-history":[{"count":4,"href":"https:\/\/agbatalha.pt\/portal\/wp-json\/wp\/v2\/pages\/2924\/revisions"}],"predecessor-version":[{"id":2930,"href":"https:\/\/agbatalha.pt\/portal\/wp-json\/wp\/v2\/pages\/2924\/revisions\/2930"}],"wp:attachment":[{"href":"https:\/\/agbatalha.pt\/portal\/wp-json\/wp\/v2\/media?parent=2924"}],"curies":[{"name":"wp","href":"https:\/\/api.w.org\/{rel}","templated":true}]}}