{"id":2973,"date":"2025-12-30T23:17:00","date_gmt":"2025-12-30T23:17:00","guid":{"rendered":"https:\/\/agbatalha.pt\/portal\/?page_id=2973"},"modified":"2025-12-30T23:18:48","modified_gmt":"2025-12-30T23:18:48","slug":"eletrao","status":"publish","type":"page","link":"https:\/\/agbatalha.pt\/portal\/eletrao\/","title":{"rendered":"Escola Electr\u00e3o"},"content":{"rendered":"\t\t<div data-elementor-type=\"wp-page\" data-elementor-id=\"2973\" class=\"elementor elementor-2973\">\n\t\t\t\t<div class=\"elementor-element elementor-element-9eb3310 e-flex e-con-boxed wpr-particle-no wpr-jarallax-no wpr-parallax-no wpr-sticky-section-no e-con e-parent\" data-id=\"9eb3310\" data-element_type=\"container\" data-e-type=\"container\">\n\t\t\t\t\t<div class=\"e-con-inner\">\n\t\t\t\t<div class=\"elementor-element elementor-element-3bdd864 elementor-widget elementor-widget-image\" data-id=\"3bdd864\" data-element_type=\"widget\" data-e-type=\"widget\" data-widget_type=\"image.default\">\n\t\t\t\t<div class=\"elementor-widget-container\">\n\t\t\t\t\t\t\t\t\t\t\t\t\t\t\t<img fetchpriority=\"high\" decoding=\"async\" width=\"960\" height=\"462\" src=\"https:\/\/agbatalha.pt\/portal\/wp-content\/uploads\/2025\/12\/Banner_Escola_Electrao_1350x650_Large-1024x493.jpg\" class=\"attachment-large size-large wp-image-2975\" alt=\"\" srcset=\"https:\/\/agbatalha.pt\/portal\/wp-content\/uploads\/2025\/12\/Banner_Escola_Electrao_1350x650_Large-1024x493.jpg 1024w, https:\/\/agbatalha.pt\/portal\/wp-content\/uploads\/2025\/12\/Banner_Escola_Electrao_1350x650_Large-300x144.jpg 300w, https:\/\/agbatalha.pt\/portal\/wp-content\/uploads\/2025\/12\/Banner_Escola_Electrao_1350x650_Large-768x370.jpg 768w, https:\/\/agbatalha.pt\/portal\/wp-content\/uploads\/2025\/12\/Banner_Escola_Electrao_1350x650_Large-1536x739.jpg 1536w, https:\/\/agbatalha.pt\/portal\/wp-content\/uploads\/2025\/12\/Banner_Escola_Electrao_1350x650_Large.jpg 1920w\" sizes=\"(max-width: 960px) 100vw, 960px\" \/>\t\t\t\t\t\t\t\t\t\t\t\t\t\t\t<\/div>\n\t\t\t\t<\/div>\n\t\t\t\t\t<\/div>\n\t\t\t\t<\/div>\n\t\t<div class=\"elementor-element elementor-element-045ca6a e-flex e-con-boxed wpr-particle-no wpr-jarallax-no wpr-parallax-no wpr-sticky-section-no e-con e-parent\" data-id=\"045ca6a\" data-element_type=\"container\" data-e-type=\"container\">\n\t\t\t\t\t<div class=\"e-con-inner\">\n\t\t\t\t<div class=\"elementor-element elementor-element-4f2cfb5 elementor-widget elementor-widget-text-editor\" data-id=\"4f2cfb5\" data-element_type=\"widget\" data-e-type=\"widget\" data-widget_type=\"text-editor.default\">\n\t\t\t\t<div class=\"elementor-widget-container\">\n\t\t\t\t\t\t\t\t\t<p>O Agrupamento de Escolas da Batalha \u00e9 uma vez mais uma escola da Rede Electr\u00e3o!\u00a0Este projeto tem como objetivo &#8220;sensibilizar e envolver professores, alunos, funcion\u00e1rios, pais e comunidade educativa em geral, no esfor\u00e7o global do encaminhamento adequado dos equipamentos el\u00e9tricos, pilhas e baterias e embalagens usados para reciclagem e valoriza\u00e7\u00e3o, atrav\u00e9s dos Locais de Recolha Electr\u00e3o.&#8221; Descobre mais aqui:\u00a0<a href=\"https:\/\/www.electrao.pt\/campanhas\/escola-electrao\/\">https:\/\/www.electrao.pt\/campanhas\/escola-electrao\/<\/a><\/p><p>Contamos com todos! A\u00a0recolha de equipamentos el\u00e9tricos e pilhas e baterias usados nos diferentes pontos Electr\u00e3o do Agrupamento levar\u00e3o \u00e0 atribui\u00e7\u00e3o de pr\u00e9mios em fun\u00e7\u00e3o do peso dos equipamentos el\u00e9tricos e pilhas e baterias usados (res\u00edduos de pilhas e baterias port\u00e1teis exceto de chumbo \u00e1cido).Quantos mais kgs de material recolhermos, mais pontos o Agrupamento vai acumular. Estes pontos depois traduzem-se em equipamentos que v\u00e3o equipar as nossas salas \ud83d\ude09<\/p><p>Participa connosco!!<\/p>\t\t\t\t\t\t\t\t<\/div>\n\t\t\t\t<\/div>\n\t\t\t\t\t<\/div>\n\t\t\t\t<\/div>\n\t\t<div class=\"elementor-element elementor-element-4345a79 e-flex e-con-boxed wpr-particle-no wpr-jarallax-no wpr-parallax-no wpr-sticky-section-no e-con e-parent\" data-id=\"4345a79\" data-element_type=\"container\" data-e-type=\"container\">\n\t\t\t\t\t<div class=\"e-con-inner\">\n\t\t\t\t<div class=\"elementor-element elementor-element-5657892 elementor-widget elementor-widget-image\" data-id=\"5657892\" data-element_type=\"widget\" data-e-type=\"widget\" data-widget_type=\"image.default\">\n\t\t\t\t<div class=\"elementor-widget-container\">\n\t\t\t\t\t\t\t\t\t\t\t\t\t\t\t<img decoding=\"async\" width=\"724\" height=\"1024\" src=\"https:\/\/agbatalha.pt\/portal\/wp-content\/uploads\/2025\/12\/cartaz_electrao_Large-724x1024.jpg\" class=\"attachment-large size-large wp-image-2976\" alt=\"\" srcset=\"https:\/\/agbatalha.pt\/portal\/wp-content\/uploads\/2025\/12\/cartaz_electrao_Large-724x1024.jpg 724w, https:\/\/agbatalha.pt\/portal\/wp-content\/uploads\/2025\/12\/cartaz_electrao_Large-212x300.jpg 212w, https:\/\/agbatalha.pt\/portal\/wp-content\/uploads\/2025\/12\/cartaz_electrao_Large-768x1086.jpg 768w, https:\/\/agbatalha.pt\/portal\/wp-content\/uploads\/2025\/12\/cartaz_electrao_Large.jpg 1080w\" sizes=\"(max-width: 724px) 100vw, 724px\" \/>\t\t\t\t\t\t\t\t\t\t\t\t\t\t\t<\/div>\n\t\t\t\t<\/div>\n\t\t\t\t\t<\/div>\n\t\t\t\t<\/div>\n\t\t\t\t<\/div>\n\t\t","protected":false},"excerpt":{"rendered":"<p>O Agrupamento de Escolas da Batalha \u00e9 uma vez mais uma escola da Rede Electr\u00e3o!\u00a0Este projeto tem como objetivo &#8220;sensibilizar e envolver professores, alunos, funcion\u00e1rios, pais e comunidade educativa em geral, no esfor\u00e7o global do encaminhamento adequado dos equipamentos el\u00e9tricos, pilhas e baterias e embalagens usados para reciclagem e valoriza\u00e7\u00e3o, atrav\u00e9s dos Locais de Recolha Electr\u00e3o.&#8221; Descobre mais aqui:\u00a0https:\/\/www.electrao.pt\/campanhas\/escola-electrao\/ Contamos com todos! A\u00a0recolha de equipamentos el\u00e9tricos e pilhas e baterias usados nos diferentes pontos Electr\u00e3o do Agrupamento levar\u00e3o \u00e0 atribui\u00e7\u00e3o de pr\u00e9mios em fun\u00e7\u00e3o do peso dos equipamentos el\u00e9tricos e pilhas e baterias usados (res\u00edduos de pilhas e baterias port\u00e1teis exceto de chumbo \u00e1cido).Quantos mais kgs de material recolhermos, mais pontos o Agrupamento vai acumular. Estes pontos depois traduzem-se em equipamentos que v\u00e3o equipar as nossas salas \ud83d\ude09 Participa connosco!!<\/p>\n","protected":false},"author":2,"featured_media":0,"parent":0,"menu_order":0,"comment_status":"closed","ping_status":"closed","template":"","meta":{"footnotes":""},"class_list":["post-2973","page","type-page","status-publish","hentry"],"_links":{"self":[{"href":"https:\/\/agbatalha.pt\/portal\/wp-json\/wp\/v2\/pages\/2973","targetHints":{"allow":["GET"]}}],"collection":[{"href":"https:\/\/agbatalha.pt\/portal\/wp-json\/wp\/v2\/pages"}],"about":[{"href":"https:\/\/agbatalha.pt\/portal\/wp-json\/wp\/v2\/types\/page"}],"author":[{"embeddable":true,"href":"https:\/\/agbatalha.pt\/portal\/wp-json\/wp\/v2\/users\/2"}],"replies":[{"embeddable":true,"href":"https:\/\/agbatalha.pt\/portal\/wp-json\/wp\/v2\/comments?post=2973"}],"version-history":[{"count":4,"href":"https:\/\/agbatalha.pt\/portal\/wp-json\/wp\/v2\/pages\/2973\/revisions"}],"predecessor-version":[{"id":2979,"href":"https:\/\/agbatalha.pt\/portal\/wp-json\/wp\/v2\/pages\/2973\/revisions\/2979"}],"wp:attachment":[{"href":"https:\/\/agbatalha.pt\/portal\/wp-json\/wp\/v2\/media?parent=2973"}],"curies":[{"name":"wp","href":"https:\/\/api.w.org\/{rel}","templated":true}]}}

Escola Electrão

<div data-elementor-type="wp-page" data-elementor-id="2973" class="elementor elementor-2973">
				<div class="elementor-element elementor-element-9eb3310 e-flex e-con-boxed wpr-particle-no wpr-jarallax-no wpr-parallax-no wpr-sticky-section-no e-con e-parent" data-id="9eb3310" data-element_type="container" data-e-type="container">
					<div class="e-con-inner">
				<div class="elementor-element elementor-element-3bdd864 elementor-widget elementor-widget-image" data-id="3bdd864" data-element_type="widget" data-e-type="widget" data-widget_type="image.default">
				<div class="elementor-widget-container">
															<img fetchpriority="high" decoding="async" width="960" height="462" src="https://agbatalha.pt/portal/wp-content/uploads/2025/12/Banner_Escola_Electrao_1350x650_Large-1024x493.jpg" class="attachment-large size-large wp-image-2975" alt="" srcset="https://agbatalha.pt/portal/wp-content/uploads/2025/12/Banner_Escola_Electrao_1350x650_Large-1024x493.jpg 1024w, https://agbatalha.pt/portal/wp-content/uploads/2025/12/Banner_Escola_Electrao_1350x650_Large-300x144.jpg 300w, https://agbatalha.pt/portal/wp-content/uploads/2025/12/Banner_Escola_Electrao_1350x650_Large-768x370.jpg 768w, https://agbatalha.pt/portal/wp-content/uploads/2025/12/Banner_Escola_Electrao_1350x650_Large-1536x739.jpg 1536w, https://agbatalha.pt/portal/wp-content/uploads/2025/12/Banner_Escola_Electrao_1350x650_Large.jpg 1920w" sizes="(max-width: 960px) 100vw, 960px" />															</div>
				</div>
					</div>
				</div>
		<div class="elementor-element elementor-element-045ca6a e-flex e-con-boxed wpr-particle-no wpr-jarallax-no wpr-parallax-no wpr-sticky-section-no e-con e-parent" data-id="045ca6a" data-element_type="container" data-e-type="container">
					<div class="e-con-inner">
				<div class="elementor-element elementor-element-4f2cfb5 elementor-widget elementor-widget-text-editor" data-id="4f2cfb5" data-element_type="widget" data-e-type="widget" data-widget_type="text-editor.default">
				<div class="elementor-widget-container">
									<p>O Agrupamento de Escolas da Batalha é uma vez mais uma escola da Rede Electrão! Este projeto tem como objetivo &#8220;sensibilizar e envolver professores, alunos, funcionários, pais e comunidade educativa em geral, no esforço global do encaminhamento adequado dos equipamentos elétricos, pilhas e baterias e embalagens usados para reciclagem e valorização, através dos Locais de Recolha Electrão.&#8221; Descobre mais aqui: <a href="https://www.electrao.pt/campanhas/escola-electrao/">https://www.electrao.pt/campanhas/escola-electrao/</a></p><p>Contamos com todos! A recolha de equipamentos elétricos e pilhas e baterias usados nos diferentes pontos Electrão do Agrupamento levarão à atribuição de prémios em função do peso dos equipamentos elétricos e pilhas e baterias usados (resíduos de pilhas e baterias portáteis exceto de chumbo ácido).Quantos mais kgs de material recolhermos, mais pontos o Agrupamento vai acumular. Estes pontos depois traduzem-se em equipamentos que vão equipar as nossas salas 😉</p><p>Participa connosco!!</p>								</div>
				</div>
					</div>
				</div>
		<div class="elementor-element elementor-element-4345a79 e-flex e-con-boxed wpr-particle-no wpr-jarallax-no wpr-parallax-no wpr-sticky-section-no e-con e-parent" data-id="4345a79" data-element_type="container" data-e-type="container">
					<div class="e-con-inner">
				<div class="elementor-element elementor-element-5657892 elementor-widget elementor-widget-image" data-id="5657892" data-element_type="widget" data-e-type="widget" data-widget_type="image.default">
				<div class="elementor-widget-container">
															<img decoding="async" width="724" height="1024" src="https://agbatalha.pt/portal/wp-content/uploads/2025/12/cartaz_electrao_Large-724x1024.jpg" class="attachment-large size-large wp-image-2976" alt="" srcset="https://agbatalha.pt/portal/wp-content/uploads/2025/12/cartaz_electrao_Large-724x1024.jpg 724w, https://agbatalha.pt/portal/wp-content/uploads/2025/12/cartaz_electrao_Large-212x300.jpg 212w, https://agbatalha.pt/portal/wp-content/uploads/2025/12/cartaz_electrao_Large-768x1086.jpg 768w, https://agbatalha.pt/portal/wp-content/uploads/2025/12/cartaz_electrao_Large.jpg 1080w" sizes="(max-width: 724px) 100vw, 724px" />															</div>
				</div>
					</div>
				</div>
				</div>

<p>O Agrupamento de Escolas da Batalha é uma vez mais uma escola da Rede Electrão! Este projeto tem como objetivo &#8220;sensibilizar e envolver professores, alunos, funcionários, pais e comunidade educativa em geral, no esforço global do encaminhamento adequado dos equipamentos elétricos, pilhas e baterias e embalagens usados para reciclagem e valorização, através dos Locais de Recolha Electrão.&#8221; Descobre mais aqui: https://www.electrao.pt/campanhas/escola-electrao/ Contamos com todos! A recolha de equipamentos elétricos e pilhas e baterias usados nos diferentes pontos Electrão do Agrupamento levarão à atribuição de prémios em função do peso dos equipamentos elétricos e pilhas e baterias usados (resíduos de pilhas e baterias portáteis exceto de chumbo ácido).Quantos mais kgs de material recolhermos, mais pontos o Agrupamento vai acumular. Estes pontos depois traduzem-se em equipamentos que vão equipar as nossas salas 😉 Participa connosco!!</p>
